on factor of 7685 and 97255.
265
What is the greatest common divisor of 1045 and 3765?
5
Calculate the highest common factor of 42456 and 29.
29
What is the highest common divisor of 51260 and 3036?
44
What is the highest common factor of 16507 and 204?
17
What is the highest common factor of 1188 and 3784?
44
What is the greatest common divisor of 708995 and 893?
47
What is the greatest common factor of 7441 and 1043?
7
Calculate the highest common divisor of 64 and 6064.
16
What is the greatest common factor of 873358 and 578?
578
What is the greatest common factor of 55493 and 633?
211
What is the greatest common divisor of 119595 and 670?
335
What is the greatest common factor of 2257 and 1464?
61
What is the highest common divisor of 215 and 116917?
43
Calculate the highest common factor of 6966 and 26406.
162
Calculate the greatest common factor of 52015 and 618.
103
What is the highest common divisor of 42 and 41874?
42
What is the highest common factor of 11749 and 8717?
379
Calculate the highest common factor of 70448 and 68.
68
What is the greatest common factor of 24 and 3501?
3
What is the greatest common divisor of 2780 and 98968?
556
What is the greatest common factor of 14288 and 8272?
752
What is the greatest common divisor of 139368 and 120?
24
Calculate the greatest common divisor of 204 and 383316.
204
Calculate the highest common divisor of 18868 and 178.
178
Calculate the greatest common factor of 1296 and 6144.
48
What is the highest common divisor of 60 and 692244?
12
What is the greatest common divisor of 15548 and 2116?
92
Calculate the greatest common factor of 45 and 471348.
9
What is the highest common factor of 1356 and 17289?
339
Calculate the highest common factor of 217 and 4775085.
217
Calculate the greatest common factor of 18343 and 1768.
221
What is the highest common divisor of 67512 and 2204?
116
What is the highest common divisor of 12376 and 51?
17
What is the highest common factor of 36 and 205456?
4
Calculate the greatest common factor of 403 and 25513.
31
What is the highest common divisor of 32469 and 1659?
237
What is the highest common factor of 6368 and 32?
32
What is the greatest common factor of 22009 and 39?
13
What is the greatest common divisor of 74 and 1341731?
37
What is the greatest common factor of 1829 and 3844?
31
What is the highest common divisor of 26931 and 846?
141
What is the greatest common divisor of 1214250 and 2250?
750
What is the greatest common factor of 96048 and 20677?
667
What is the highest common factor of 56 and 957544?
56
Calculate the greatest common divisor of 5523 and 21.
21
Calculate the highest common factor of 140 and 165830.
70
Calculate the highest common divisor of 4308 and 564.
12
What is the highest common divisor of 2106572 and 26?
26
What is the greatest common divisor of 25917 and 2771?
163
Calculate the greatest common factor of 161129 and 1416.
59
What is the greatest common factor of 59317 and 1081?
23
Calculate the greatest common factor of 8 and 230744.
8
Calculate the highest common divisor of 84185 and 452.
113
What is the highest common divisor of 60 and 1942260?
60
Calculate the highest common divisor of 15 and 33515.
5
What is the highest common factor of 3776 and 320?
64
What is the highest common divisor of 1569 and 423107?
523
What is the highest common factor of 28 and 8498?
14
Calculate the highest common divisor of 451 and 113245.
11
What is the highest common factor of 10258 and 22300?
446
Calculate the greatest common factor of 152 and 37126.
38
What is the greatest common divisor of 2510650 and 149?
149
What is the greatest common divisor of 194133 and 978?
489
What is the highest common factor of 145 and 159065?
145
What is the greatest common factor of 351659 and 77?
77
What is the highest common factor of 10728 and 2201624?
1192
Calculate the highest common factor of 106 and 381759.
53
What is the greatest common factor of 41728 and 288?
32
Calculate the greatest common divisor of 102 and 3858405.
51
Calculate the highest common divisor of 213990 and 1806.
42
What is the highest common factor of 6322 and 7303?
109
Calculate the highest common divisor of 81 and 393471.
27
Calculate the highest common divisor of 152 and 8672.
8
Calculate the highest common factor of 2175 and 23229.
87
What is the highest common divisor of 284295 and 30?
15
What is the highest common factor of 387768 and 11556?
1284
Calculate the highest common factor of 6224556 and 156.
156
What is the highest common factor of 63812 and 86?
86
Calculate the greatest common divisor of 1287 and 33759.
99
Calculate the highest common factor of 25733 and 5.
1
Calculate the highest common divisor of 133725 and 30.
15
What is the greatest common divisor of 307951 and 56?
7
What is the greatest common factor of 59960 and 1720?
40
Calculate the highest common divisor of 169 and 553306.
169
What is the greatest common factor of 648 and 762?
6
Calculate the highest common factor of 377212 and 3.
1
Calculate the greatest common divisor of 2 and 630327.
1
What is the greatest common factor of 352 and 9424?
16
What is the greatest common divisor of 1147503 and 2226?
1113
Calculate the highest common divisor of 780 and 19760.
260
What is the highest common divisor of 59670 and 55998?
918
What is the greatest common factor of 138244 and 2261?
323
Calculate the highest common factor of 10561188 and 5016.
2508
Calculate the highest common factor of 227840 and 2.
2
What is the greatest common factor of 9594 and 486018?
234
What is the greatest common factor of 230732 and 3108?
148
What is the greatest common factor of 15471 and 299679?
573
What is the highest common divisor of 49905 and 495?
45
Calculate the greatest common factor of 1335294 and 24.
6
Calculate the greatest common factor of 28518 and 1470.
294
What is the greatest common divisor of 152 and 512?
8
What is the greatest common factor of 104 and 2626?
26
Calculate the greatest common factor of 44037 and 117.
9
What is the highest common factor of 8800 and 250?
50
Calculate the greatest common divisor of 325104 and 96.
48
Calculate the greatest common factor of 7009 and 8639.
163
Calculate the highest common divisor of 60256 and 44.
4
What is the highest common divisor of 178 and 52154?
178
Calculate the highest common divisor of 12232 and 4.
4
What is the greatest common factor of 186 and 102765?
93
Calculate the greatest common divisor of 2308775 and 525.
175
What is the highest common divisor of 8405 and 3880?
5
What is the greatest common factor of 61074 and 696?
174
Calculate the highest common factor of 305 and 171715.
305
What is the greatest common divisor of 85 and 67065?
85
What is the highest common factor of 689919 and 906?
453
What is the highest common divisor of 10 and 13010?
10
Calculate the greatest common factor of 30236 and 8.
4
What is the greatest common divisor of 33572 and 2156?
308
What is the greatest common factor of 687128 and 728?
104
Calculate the highest common divisor of 65278 and 4826.
254
What is the greatest common factor of 1147 and 4403?
37
Calculate the highest common divisor of 992431 and 166.
83
Calculate the highest common factor of 11005 and 81065.
155
What is the highest common divisor of 25894 and 4114?
242
Calculate the highest common factor of 51 and 17238.
51
What is the greatest common divisor of 38 and 485678?
38
Calculate the greatest common divisor of 1727 and 19625.
157
Calculate the highest common divisor of 3999 and 1767.
93
What is the highest common factor of 28 and 3613610?
14
Calculate the greatest common factor of 552 and 818754.
138
What is the greatest common factor of 12576 and 2880?
96
Calculate the greatest common factor of 26700 and 5607.
267
What is the greatest common factor of 62031 and 279?
93
Calculate the greatest common divisor of 65619 and 3487.
317
What is the greatest common divisor of 24 and 82644?
12
Calculate the greatest common divisor of 3949 and 73954.
359
What is the greatest common divisor of 220 and 2585?
55
What is the highest common divisor of 10282 and 14522?
106
Calculate the greatest common divisor of 80 and 58330.
10
What is the highest common divisor of 791370 and 315?
45
Calculate the greatest common factor of 80 and 174530.
10